{"id":313,"date":"2020-01-23T18:21:52","date_gmt":"2020-01-23T18:21:52","guid":{"rendered":"https:\/\/demosites.io\/web-agency-gb\/?page_id=61"},"modified":"2021-07-28T10:31:22","modified_gmt":"2021-07-28T10:31:22","slug":"15c42-web-agency-gb-about-us","status":"publish","type":"page","link":"https:\/\/irkb.de\/?page_id=313","title":{"rendered":"\u00dcber uns"},"content":{"rendered":"\n<div class=\"wp-block-cover alignfull has-nv-site-bg-background-color has-background-dim\" style=\"min-height:300px\"><div class=\"wp-block-cover__inner-container\">\n<div class=\"is-layout-flow wp-block-group\"><div class=\"wp-block-group__inner-container\">\n<p><\/p>\n\n\n\n<h1 class=\"has-text-align-left has-neve-link-color-color has-text-color\">\u00dcber uns<\/h1>\n\n\n\n<p class=\"has-neve-link-color-color has-text-color\">Das Ingenieurb\u00fcro R-K Berger wurde 2001 als Nachfolger der ehemaligen Versuchsanstalt f\u00fcr Verfahrenstechnik L&amp;C Steinm\u00fcller GmbH und des Technikums der BBP Enviroment GmbH gegr\u00fcndet.<\/p>\n\n\n\n<p class=\"has-neve-link-color-color has-text-color\">Daher k\u00f6nnen wir auf langj\u00e4hrige Erfahrungen in der Durchf\u00fchrung von Studien in der Forschung und Entwicklung zur\u00fcckgreifen.<\/p>\n\n\n\n<p class=\"has-neve-link-color-color has-text-color\">Dies ist ein entscheidender Vorteil, der bei der Untersuchung durch Messungen an Gro\u00dfanlagen und Str\u00f6mungsmodellen zum Einsatz kommt.<\/p>\n\n\n\n<p class=\"has-neve-link-color-color has-text-color\">Seit dem 01.01.2008 haben wir unser Str\u00f6mungslabor in eine gr\u00f6\u00dfere Halle verlagert. An dem neuen Standort , Am Hammer 10, haben wir nun die r\u00e4umlichen M\u00f6glichkeiten mehrere Pr\u00fcfst\u00e4nde parallel aufzubauen und zu untersuchen.&nbsp;<\/p>\n<\/div><\/div>\n<\/div><\/div>\n","protected":false},"excerpt":{"rendered":"","protected":false},"author":1,"featured_media":0,"parent":0,"menu_order":0,"comment_status":"closed","ping_status":"closed","template":"","meta":{"neve_meta_sidebar":"default","neve_meta_container":"default","neve_meta_enable_content_width":"on","neve_meta_content_width":100,"neve_meta_title_alignment":"","neve_meta_author_avatar":"","neve_post_elements_order":"","neve_meta_disable_header":"","neve_meta_disable_footer":"","neve_meta_disable_title":"on"},"_links":{"self":[{"href":"https:\/\/irkb.de\/index.php?rest_route=\/wp\/v2\/pages\/313"}],"collection":[{"href":"https:\/\/irkb.de\/index.php?rest_route=\/wp\/v2\/pages"}],"about":[{"href":"https:\/\/irkb.de\/index.php?rest_route=\/wp\/v2\/types\/page"}],"author":[{"embeddable":true,"href":"https:\/\/irkb.de\/index.php?rest_route=\/wp\/v2\/users\/1"}],"replies":[{"embeddable":true,"href":"https:\/\/irkb.de\/index.php?rest_route=%2Fwp%2Fv2%2Fcomments&post=313"}],"version-history":[{"count":5,"href":"https:\/\/irkb.de\/index.php?rest_route=\/wp\/v2\/pages\/313\/revisions"}],"predecessor-version":[{"id":588,"href":"https:\/\/irkb.de\/index.php?rest_route=\/wp\/v2\/pages\/313\/revisions\/588"}],"wp:attachment":[{"href":"https:\/\/irkb.de\/index.php?rest_route=%2Fwp%2Fv2%2Fmedia&parent=313"}],"curies":[{"name":"wp","href":"https:\/\/api.w.org\/{rel}","templated":true}]}}